divisor of 738 and 9.
9
Calculate the greatest common divisor of 1007 and 1425.
19
Calculate the greatest common divisor of 80 and 1.
1
What is the greatest common factor of 135 and 35?
5
Calculate the greatest common divisor of 3900 and 13.
13
Calculate the highest common factor of 2808 and 9048.
312
What is the highest common divisor of 279 and 248?
31
Calculate the greatest common divisor of 117 and 18.
9
What is the greatest common factor of 48 and 597?
3
Calculate the greatest common factor of 132 and 60.
12
What is the greatest common factor of 135 and 150?
15
Calculate the greatest common factor of 150 and 12450.
150
Calculate the greatest common divisor of 10541 and 83.
83
What is the greatest common factor of 527 and 238?
17
Calculate the greatest common divisor of 4848 and 48.
48
Calculate the greatest common factor of 44338 and 14.
14
What is the greatest common factor of 74 and 14?
2
Calculate the greatest common factor of 230 and 276.
46
What is the highest common factor of 1488 and 93?
93
Calculate the highest common divisor of 3772 and 1312.
164
What is the highest common divisor of 189 and 36?
9
Calculate the highest common factor of 82 and 11521.
41
Calculate the greatest common factor of 36349 and 326.
163
Calculate the greatest common factor of 1125 and 9.
9
What is the greatest common divisor of 703 and 114?
19
What is the greatest common divisor of 559 and 182?
13
Calculate the greatest common factor of 35 and 2240.
35
What is the greatest common factor of 2956 and 4?
4
What is the highest common divisor of 832 and 4?
4
Calculate the highest common divisor of 8 and 1304.
8
Calculate the greatest common divisor of 6745 and 95.
95
What is the highest common factor of 517 and 47?
47
What is the highest common factor of 18 and 36?
18
What is the highest common factor of 3749 and 92?
23
What is the highest common factor of 5 and 40?
5
Calculate the highest common factor of 6916 and 182.
182
What is the highest common divisor of 522 and 2494?
58
Calculate the greatest common factor of 450 and 125.
25
Calculate the highest common factor of 39 and 13.
13
Calculate the highest common divisor of 14 and 1099.
7
What is the highest common factor of 14963 and 26?
13
What is the greatest common factor of 42 and 24?
6
Calculate the highest common divisor of 90 and 10.
10
Calculate the highest common divisor of 297 and 621.
27
Calculate the greatest common divisor of 572 and 104.
52
What is the highest common divisor of 243 and 3213?
27
What is the greatest common factor of 12 and 20?
4
Calculate the highest common factor of 370 and 10.
10
What is the highest common divisor of 85 and 51?
17
What is the highest common factor of 60 and 640?
20
Calculate the highest common factor of 1615 and 95.
95
What is the greatest common divisor of 96 and 624?
48
What is the highest common divisor of 522 and 174?
174
Calculate the greatest common factor of 33 and 253.
11
What is the highest common factor of 950 and 304?
38
What is the greatest common factor of 83 and 415?
83
What is the highest common divisor of 1215 and 15?
15
Calculate the highest common divisor of 72 and 9384.
24
Calculate the greatest common factor of 140 and 2499.
7
Calculate the greatest common divisor of 277 and 62602.
277
What is the greatest common divisor of 902 and 132?
22
Calculate the highest common divisor of 168 and 84.
84
Calculate the highest common factor of 23 and 23.
23
Calculate the highest common divisor of 7 and 49.
7
What is the greatest common factor of 1898 and 146?
146
What is the greatest common factor of 136 and 17?
17
Calculate the highest common divisor of 82 and 533.
41
What is the greatest common factor of 14 and 56?
14
What is the highest common factor of 68 and 544?
68
What is the greatest common factor of 44 and 332?
4
What is the greatest common factor of 18 and 16?
2
Calculate the highest common factor of 11104 and 32.
32
Calculate the greatest common factor of 60 and 46230.
30
Calculate the greatest common divisor of 1474 and 469.
67
Calculate the highest common factor of 186 and 30.
6
Calculate the greatest common factor of 44 and 3652.
44
Calculate the highest common divisor of 405 and 5.
5
What is the greatest common divisor of 344 and 129?
43
Calculate the greatest common factor of 2885 and 5.
5
Calculate the greatest common factor of 219 and 384.
3
What is the highest common divisor of 8920 and 80?
40
What is the greatest common divisor of 3575 and 7475?
325
Calculate the greatest common divisor of 1064 and 56.
56
What is the greatest common factor of 100 and 25?
25
Calculate the highest common divisor of 36 and 12.
12
What is the highest common divisor of 1860 and 90?
30
What is the greatest common divisor of 60 and 3270?
30
What is the highest common divisor of 192 and 7824?
48
Calculate the highest common factor of 412 and 2575.
103
What is the highest common factor of 7067 and 37?
37
What is the greatest common divisor of 10 and 13210?
10
Calculate the highest common divisor of 56 and 1106.
14
What is the greatest common factor of 2174 and 1?
1
Calculate the highest common divisor of 240 and 760.
40
Calculate the highest common factor of 1169 and 2672.
167
Calculate the highest common divisor of 130 and 42510.
130
Calculate the highest common divisor of 2675 and 107.
107
Calculate the highest common factor of 1534 and 1298.
118
What is the highest common factor of 22 and 5412?
22
What is the greatest common factor of 2304 and 4096?
256
What is the greatest common factor of 148 and 11174?
74
Calculate the highest common factor of 90 and 225.
45
Calculate the greatest common divisor of 31 and 3131.
31
Calculate the greatest common divisor of 8308 and 62.
62
What is the highest common factor of 286 and 130?
26
What is the greatest common divisor of 55 and 3443?
11
Calculate the greatest common divisor of 144 and 272.
16
What is the greatest common factor of 18 and 33?
3
What is the highest common factor of 20 and 1565?
5
What is the highest common factor of 689 and 159?
53
What is the highest common divisor of 5310 and 40?
10
What is the highest common divisor of 40 and 1100?
20
What is the greatest common factor of 352 and 12232?
88
Calculate the highest common factor of 96 and 1936.
16
Calculate the greatest common factor of 90 and 36.
18
What is the greatest common divisor of 1518 and 264?
66
What is the highest common divisor of 135 and 90?
45
Calculate the highest common divisor of 23 and 1.
1
What is the greatest common factor of 3255 and 45?
15
Calculate the greatest common factor of 135 and 13635.
135
What is the highest common divisor of 178 and 8?
2
What is the greatest common factor of 45 and 55305?
45
What is the greatest common divisor of 2 and 481?
1
What is the greatest common divisor of 299 and 143?
13
Calculate the greatest common factor of 34 and 782.
34
What is the highest common divisor of 108 and 324?
108
Calculate the highest common divisor of 3097 and 19.
19
Calculate the greatest common factor of 222 and 3219.
111
What is the greatest common factor of 27146 and 98?
98
What is the greatest common factor of 5 and 15?
5
What is the greatest common divisor of 665 and 49?
7
What is the highest common factor of 6 and 1788?
6
What is the greatest common factor of 474 and 13983?
237
What is the greatest common divisor of 29 and 6815?
29
What is the greatest common divisor of 5 and 25?
5
What is the greatest common divisor of 24 and 15396?
12
What is the greatest common divisor of 1615 and 1020?
85
What is the highest common divisor of 189 and 135?
27
What is the greatest common divisor of 9 and 5409?
9
What is the highest common divisor of 1079 and 3403?
83
What is the greatest common factor of 77 and 14?
7
What is the highest common divisor of 56 and 80?
8
What is the greatest common divisor of 152 and 16?
8
What is the greatest common divisor of 2562 and 112?
14
Calculate the highest common factor of 650 and 20.
10
What is the highest common factor of 7 and 133?
7
Calculate the greatest common factor of 79 and 2133.
79
What is the greatest common divisor of 24 and 416?
8
What is the highest common divisor of 2328 and 48?
24
What is the highest common divisor of 141 and 2162?
47
Calculate the greatest common factor of 4 